mainder when k(6) is divided by 26?
21
Let p(s) = s**3 + s**2 + 2*s. Let t(y) = 5*y**3 - 8*y**2 - 3*y - 7. Let u(x) = -4*p(x) + t(x). Calculate the remainder when 27 is divided by u(13).
8
Let f(s) = 7*s + 6. Let x be f(-3). Let j be (x - -1)*600/(-70). Suppose 3*d = 7*d - j. Calculate the remainder when 59 is divided by d.
29
Let y be (-1)/((-44)/20 - -2). Suppose 0 = o + 15 - y. Calculate the remainder when 67 is divided by o/5 + 15 + -3.
7
Let c = 595 - 379. Let j(x) = 7*x + 219. Let o be j(-9). Suppose -5*v - 2*p + 3 + 209 = 0, -5*p = 4*v - o. Calculate the remainder when c is divided by v.
40
Suppose 3*g - 2*x = -4*x + 10, 4*x = 5*g - 46. Let j be 2*((-2)/g + 763/(-42)). Let l = j - -62. Calculate the remainder when l is divided by 14.
11
Suppose 0 = -3*o + 3*i + 12 - 3, 0 = 5*i + 15. Suppose o = r + 182 + 98. What is the remainder when r/(-6) + 1/3 is divided by 16?
15
Suppose 3*x + 3*v - 2976 = 0, x - 227 = -2*v + 768. Calculate the remainder when x is divided by 32.
29
Let k be (-3)/12*(4 - 8). Suppose x - k = 5*f, -4*f - 11 + 3 = x. What is the remainder when (-307)/(-5) + x/10 is divided by 16?
13
Let d = -2729 + 4607. Suppose -8*r + 3*r + 235 = 0. Calculate the remainder when -2 + ((-22)/(-88) - d/(-8)) is divided by r.
45
Suppose -2*j = 5*r - 14, 46*r - j + 5 = 48*r. What is the remainder when 175 is divided by r?
3
Let d = -227 + 252. Suppose -d*n + 92 = -2208. Calculate the remainder when n is divided by 47.
45
Let x = -376 - -379. Calculate the remainder when 1284/(-15)*(-10)/4 is divided by (25/10 - x)*2*-24.
22
Let o(l) = 30*l + 823. What is the remainder when o(-26) is divided by 29?
14
Calculate the remainder when -8 + 8/4 - (-320 + 1) is divided by 76.
9
Let z(s) = -s**2 - 12*s + 15. Let u = -51 + 39. Calculate the remainder when 84 is divided by z(u).
9
Let q(y) = 8*y + 67. Let b be q(9). Let i = b + 118. What is the remainder when i is divided by 4?
1
Let p(u) = -47*u + 76. What is the remainder when (9/(-12))/(2/(-1776)) is divided by p(1)?
28
Let r = 45 - 42. Suppose -37 = 3*a + 2*h, r*a + h = 2*a - 11. Let n(v) = -5*v - 62. Calculate the remainder when 23 is divided by n(a).
10
Let l = -78 + 85. Suppose 0 = -l*v + 15 + 6. Suppose -5*z + 161 = 3*n, 4*n - 200 = -v*z - 0*z. Calculate the remainder when n is divided by 13.
8
Let t(g) = g**3 - g**2 - g - 4. What is the remainder when 1/((-1107)/(-262728)*(-2)/(-3)) is divided by t(4)?
36
Let y(v) be the first derivative of 3*v**2 + 2*v - 20. Calculate the remainder when y(4) is divided by 9.
8
Suppose -11668 = -67*z + 62*z + 4*x, 2*z - 4670 = 3*x. Calculate the remainder when z is divided by 335.
322
Suppose -12*b + 533 + 3595 = 0. Suppose -5*c + b - 124 = 0. Calculate the remainder when c is divided by 34.
10
Suppose -5*y + z + 21 = 0, -14*z = -4*y - 19*z + 40. Suppose 22 = m + 3*f - 0*f, -y*f = 2*m - 48. Calculate the remainder when 133 is divided by m.
31
Suppose 4*j = -5*r - 65, 4*j + 55 - 8 = -3*r. Let a(d) = d**3 + 13*d**2 + d + 35. Calculate the remainder when a(r) is divided by 32.
30
Suppose -p + 57 - 7 = 0. What is the remainder when (-18 + (-78)/(-13))*31/(-2) is divided by p?
36
Suppose 292 = 4*f + 144. Calculate the remainder when f is divided by 23.
14
Let p(d) = -770*d**3 + 3*d**2 + 32*d + 30. Calculate the remainder when p(-1) is divided by 129.
126
Suppose -74*v + 1559 = -735. Calculate the remainder when 148 is divided by v.
24
Suppose -5*o = 55 - 190. Let h = 39 + -36. Suppose g + 214 = h*g. What is the remainder when g is divided by o?
26
Let s(p) = 14*p - 197. Let q(x) = -x**3 + 5*x**2 + 2*x + 1. Let u be q(5). Suppose r - u - 6 = 0. What is the remainder when s(17) is divided by r?
7
Let d be (-6)/10 + (-2)/5. What is the remainder when 134 is divided by (d + 1 + 68)*17/34?
32
Suppose 70*v - 3782 = 9*v. What is the remainder when 7002 is divided by v?
58
Suppose 29 = 5*v + 9, 0 = -q - 2*v + 331. Suppose 5*n - 11*x = -14*x + q, 4*x = -16. Calculate the remainder when n is divided by 17.
16
Suppose -21*c = 32*c + 27*c - 15280. What is the remainder when c is divided by 82?
27
Let l = 4965 + -4455. What is the remainder when l is divided by 74?
66
Let n be (36/(-15) - -2)/((-1)/5). Calculate the remainder when ((-106)/(-8)*-2)/((-1)/n) is divided by 15.
8
Let t = -2431 - -2770. What is the remainder when t is divided by 69?
63
Let r be 3 - -1*(8 - 4)/(-4). Suppose 101 = -r*b + 481. What is the remainder when b is divided by 32?
30
Let u(t) = -7*t**3 - 5*t**2 - 2*t + 10. Let q be u(-3). Suppose -3*o = 5*n - 286, -3*n + 7*o = 3*o - q. Calculate the remainder when n is divided by 19.
18
Suppose 3*b - b = -g + 3, -1 = b. Suppose -g*o + 0*o + 159 = r, -2*o = 2*r - 62. Let s(u) = 32*u**2 - u. What is the remainder when s(2) is divided by o?
30
Let l(b) be the first derivative of 2*b**2 + 10*b + 19. Let c = -6 - -8. Calculate the remainder when l(c) is divided by 3.
0
Suppose 5232 = -1319*k + 1335*k. Suppose 4*j = 8*j - 132. What is the remainder when k is divided by j?
30
What is the remainder when 10/((-1120)/(-42)) + 1*(-2042)/(-16) is divided by 44?
40
Suppose 3*p + 581 = 3*s + 62, -4*p - 867 = -5*s. What is the remainder when 343 is divided by s?
168
Suppose 3*l + 18 = -2*x - 17, -40 = 3*l + x. Calculate the remainder when 39 is divided by 15/((l/(-35) + 0)/1).
4
Let x = 118 + -602. Let r = -477 - x. What is the remainder when 17 is divided by r?
3
Suppose -9477 - 3851 = -14*c - 1694. Calculate the remainder when c is divided by 215.
186
Let m(k) = -4*k**2 - 393*k - 86. What is the remainder when m(-95) is divided by 16?
13
Suppose -47*j + 5809 - 1234 = 136*j. Calculate the remainder when 3497 is divided by j.
22
Suppose -3677*c + 3632*c = -57285. Calculate the remainder when c is divided by 8.
1
Let w(q) = -q**3 + 13*q**2 - 115*q + 648. What is the remainder when 222 is divided by w(6)?
12
Let q(k) = -k**2 + 7*k - 12. Let u be q(3). Suppose u*o - 5*g = -2*o + 11, -5*g - 24 = -3*o. Calculate the remainder when o is divided by 7.
6
Let f(i) = -60*i - 7569. What is the remainder when 119 is divided by f(-127)?
17
Let q(a) = 4*a - 2. Let y(w) = w**3 + 4*w**2 + 37*w + 235. Calculate the remainder when y(-5) is divided by q(4).
11
Let w(k) = -4*k**2 - 18*k + 38. Let u be w(-6). Let f(o) = 7*o**2 - 29*o + 60. What is the remainder when f(u) is divided by 8?
6
Suppose -4*v - 190 = -x - v, -208 = -x - 3*v. Let l = -102 + x. Calculate the remainder when l is divided by 57.
40
Suppose -4*l - 486 = -l. Let q = -276 - l. Let x = -93 - q. What is the remainder when x is divided by 5?
1
Suppose 4*v - 3 = 69. Suppose -y = -4*z + 2*y + 38, -2*z + y + v = 0. Let j(k) = k**2 - 8*k + 17. What is the remainder when j(z) is divided by 8?
1
Suppose -10*g - 318 = -12*g. What is the remainder when g is divided by (-1)/((-14)/328) - (-45)/(-105)?
21
Let j be 6*6/108 + 236/12. Suppose -j*r - 17*r = -2257. What is the remainder when r is divided by 14?
5
Let s = -358 - -449. Suppose 467 = 6*g - s. What is the remainder when g is divided by 12?
9
Suppose 5*m + 4*k - 114 = 0, -m - m + k = -56. Let r = m + -20. Let d(b) = -b + 15. What is the remainder when 29 is divided by d(r)?
2
Suppose 16*o - 47 = 33. Suppose -2281 = -o*u - 431. What is the remainder when u is divided by 62?
60
Let s be (-2 - -1 - (-28 + 28))*17. Let q = 61 - s. Calculate the remainder when q is divided by 4.
2
Suppose 0 = -7*d - 3*l + 72, 21*l - 42 = -4*d + 19*l. Suppose -3*p + 6*p - 1135 = -4*u, -1129 = -4*u - 5*p. Calculate the remainder when u is divided by d.
7
Let z be 54 + (-4 + 3 - -1). Let k = z + -44. Suppose -3*l + k = -32. What is the remainder when l is divided by 8?
6
Let o = 39739 + -38696. Calculate the remainder when o is divided by 121.
75
Suppose 7192 = 3*l + 4*b, -4*l + 9594 + 2 = 4*b. What is the remainder when l is divided by 161?
150
Calculate the remainder when (44/(-6))/(2/(-141)) is divided by 648342/12489 - (-6)/69.
49
Suppose 0 = -111*u + 1844 + 2041. Calculate the remainder when 1012 is divided by u.
32
Suppose -4264 - 4122 = -56*y + 350. What is the remainder when 1241 is divided by y?
149
What is the remainder when 311 is divided by 4/(-14) + 0 - 32864/(-364)?
41
Let w be 0/((-2)/4*-4). Suppose m = 3*x - 158 + 37, w = -4*m + 8. Suppose 1433 = 48*n - 7346 - 965. Calculate the remai